es 5 divide 300?
True
Does 17 divide 62988?
False
Is 31491 a multiple of 206?
False
Does 32 divide 1248?
True
Does 27 divide 313?
False
Is 57 a factor of 9457?
False
Is 1770 a multiple of 59?
True
Is 4 a factor of 215?
False
Is 12107 a multiple of 37?
False
Is 893 a multiple of 3?
False
Is 8 a factor of 4576?
True
Does 45 divide 12015?
True
Does 46 divide 1579?
False
Is 896 a multiple of 14?
True
Does 20 divide 719?
False
Is 415 a multiple of 16?
False
Is 71 a factor of 11071?
False
Is 1122 a multiple of 34?
True
Does 9 divide 10732?
False
Does 4 divide 1528?
True
Is 151 a factor of 27843?
False
Is 43280 a multiple of 10?
True
Is 9 a factor of 3598?
False
Is 42 a factor of 84?
True
Does 31 divide 18958?
False
Is 9 a factor of 1143?
True
Is 62 a factor of 744?
True
Is 96 a factor of 6240?
True
Is 487 a factor of 77563?
False
Is 118 a factor of 26097?
False
Is 775 a multiple of 3?
False
Is 3 a factor of 40?
False
Is 53217 a multiple of 17?
False
Is 20 a factor of 460?
True
Is 272 a factor of 95164?
False
Is 16 a factor of 3420?
False
Does 16 divide 33646?
False
Is 5 a factor of 877?
False
Is 1397 a multiple of 127?
True
Does 97 divide 37636?
True
Does 127 divide 4715?
False
Does 3 divide 25843?
False
Does 45 divide 1766?
False
Is 140 a factor of 2734?
False
Is 8 a factor of 11?
False
Is 26 a factor of 1534?
True
Is 35 a factor of 315?
True
Is 9 a factor of 2127?
False
Does 266 divide 44618?
False
Does 64 divide 3328?
True
Is 16 a factor of 33?
False
Is 1208 a multiple of 8?
True
Is 96 a multiple of 3?
True
Does 15 divide 3151?
False
Is 20 a factor of 4520?
True
Is 8 a factor of 1600?
True
Is 1520 a multiple of 16?
True
Is 496 a multiple of 4?
True
Is 34944 a multiple of 26?
True
Is 33 a factor of 63855?
True
Is 417 a multiple of 37?
False
Is 13416 a multiple of 6?
True
Does 12 divide 23484?
True
Does 16 divide 1860?
False
Does 27 divide 314?
False
Does 39 divide 34866?
True
Is 95 a factor of 3165?
False
Is 972 a multiple of 12?
True
Is 8 a factor of 4000?
True
Does 55 divide 1410?
False
Is 23 a factor of 167020?
False
Is 15 a factor of 409?
False
Is 12 a factor of 17958?
False
Is 34 a factor of 13887?
False
Is 3125 a multiple of 177?
False
Does 2 divide 122?
True
Does 27 divide 513?
True
Does 8 divide 25077?
False
Is 864 a multiple of 54?
True
Does 5 divide 121?
False
Does 2 divide 25463?
False
Is 4 a factor of 96?
True
Is 3883 a multiple of 11?
True
Does 5 divide 954?
False
Is 7580 a multiple of 10?
True
Does 143 divide 10329?
False
Is 4 a factor of 204?
True
Is 160 a factor of 60850?
False
Is 5 a factor of 685?
True
Is 17 a factor of 3706?
True
Is 324 a multiple of 12?
True
Is 2386 a multiple of 9?
False
Is 87 a multiple of 5?
False
Is 18 a factor of 4320?
True
Does 16 divide 3798?
False
Is 1284 a multiple of 51?
False
Is 152 a factor of 2268?
False
Does 131 divide 16768?
True
Does 35 divide 13458?
False
Is 12 a factor of 26?
False
Is 13 a factor of 3510?
True
Does 13 divide 299?
True
Is 16 a factor of 15488?
True
Is 6144 a multiple of 25?
False
Is 28 a factor of 13907?
False
Does 33 divide 2376?
True
Is 45 a factor of 3587?
False
Is 124 a factor of 744?
True
Is 26 a factor of 1976?
True
Does 5 divide 372?
False
Is 310 a multiple of 17?
False
Is 47 a factor of 4846?
False
Does 31 divide 18617?
False
Is 40 a factor of 12692?
False
Is 17 a factor of 4114?
True
Does 70 divide 9664?
False
Is 1360 a multiple of 8?
True
Is 6 a factor of 277?
False
Is 771 a multiple of 61?
False
Is 84485 a multiple of 49?
False
Is 755 a multiple of 39?
False
Is 52 a factor of 1976?
True
Is 12 a factor of 1776?
True
Is 84 a factor of 19266?
False
Is 11 a factor of 1125?
False
Is 8 a factor of 25920?
True
Is 2595 a multiple of 15?
True
Is 2 a factor of 629?
False
Does 4 divide 760?
True
Is 44 a factor of 484?
True
Does 31 divide 52610?
False
Does 24 divide 11507?
False
Is 12294 a multiple of 13?
False
Is 5 a factor of 144?
False
Is 7 a factor of 1512?
True
Does 9 divide 192?
False
Does 67 divide 10862?
False
Is 23 a factor of 3542?
True
Does 62 divide 1550?
True
Is 33 a factor of 8982?
False
Does 369 divide 58755?
False
Does 25 divide 6325?
True
Is 20233 a multiple of 14?
False
Is 24 a factor of 27850?
False
Is 136021 a multiple of 46?
False
Is 4 a factor of 5071?
False
Is 4917 a multiple of 11?
True
Does 32 divide 27040?
True
Does 81 divide 6111?
False
Is 13 a factor of 292?
False
Is 10 a factor of 9660?
True
Does 3 divide 28?
False
Is 208 a multiple of 26?
True
Does 21 divide 1732?
False
Is 32016 a multiple of 8?
True
Is 672 a multiple of 6?
True
Does 55 divide 114510?
True
Does 15 divide 7450?
False
Is 130 a multiple of 26?
True
Is 34 a factor of 8129?
False
Is 38 a factor of 2242?
True
Is 24 a factor of 917?
False
Does 3 divide 1266?
True
Does 36 divide 1200?
False
Does 11 divide 5435?
False
Does 28 divide 8400?
True
Does 18 divide 44802?
True
Is 8416 a multiple of 8?
True
Does 25 divide 25?
True
Is 808 a multiple of 20?
False
Is 36 a factor of 2722?
False
Is 11 a factor of 3527?
False
Is 11 a factor of 2024?
True
Is 102 a factor of 7430?
False
Does 29 divide 551?
True
Does 30 divide 19500?
True
Is 11 a factor of 1581?
False
Is 558 a multiple of 18?
True
Does 73 divide 3003?
False
Is 4500 a multiple of 13?
False
Is 123 a factor of 4376?
False
Is 4509 a multiple of 9?
True
Is 7 a factor of 588?
True
Does 17 divide 18479?
True
Does 57 divide 1642?
False
Is 16 a factor of 2736?
True
Is 3024 a multiple of 48?
True
Is 4857 a multiple of 106?
False
Is 7 a factor of 426?
False
Is 889 a multiple of 19?
False
Is 2523 a multiple of 340?
False
Does 48 divide 3339?
False
Is 2800 a multiple of 8?
True
Is 383 a multiple of 3?
False
Is 29 a factor of 4357?
False
Does 25 divide 325?
True
Does 61 divide 438?
False
Does 26 divide 1274?
True
Is 72 a multiple of 50?
False
Is 3542 a multiple of 46?
True
Does 29 divide 76623?
False
Is 14 a factor of 98?
True
Is 61 a factor of 3477?
True
Does 6 divide 1038?
True
Is 5407 a multiple of 8?
False
Is 15822 a multiple of 10?
False
Does 31 divide 1457?
True
Is 1526 a multiple of 62?
False
Is 15639 a multiple of 34?
False
Is 5964 a multiple of 28?
True
Is 1863 a multiple of 81?
True
Does 11 divide 16687?
True
Is 1005 a multiple of 49?
False
Is 3368 a multiple of 7?
False
Does 19 divide 14319?
False
Is 605 a multiple of 11?
True
Is 294 a factor of 28607?
False
Is 13 a factor of 2306?
False
Is 1862 a multiple of 133?
True
Is 1430 a multiple of 42?
False
Does 23 divide 31188?
True
Does 21 divide 6783?
True
Is 11632 a multiple of 2?
True
Is 19089 a multiple of 101?
True
Does 30 divide 1917?
False
Is 22 a factor of 30073?
False
Does 12 divide 16956?
True
Is 19057 a multiple of 17?
True
Does 7 divide 15152?
False
Is 11352 a multiple of 86?
True
Does 117 divide 8307?
True
Is 444 a multiple of 5?
False
Is 56 a factor of 10248?
True
Does 334 divide 91516?
True
Is 5 a factor of 1725?
True
Is 397 a multiple of 18?
False
Is 314 a multiple of 2?
True
Does 10 divide 15548?
False
Does 6 divide 1686?
True
Does 28 divide 1921?
False
Is 33 a factor of 429?
True
Is 27408 a multiple of 42?
False
Is 11 a factor of 6358?
True
Does 83 divide 43069?
False
Is 1676 a multiple of 7?
False
Is 13 a factor of 727?
False
Does 8 divide 4293?
False
Does 5 divide 2222?
False
Is 6 a factor of 1135?
False
Does 33 divide 11682?
True
Is 29 a factor of 1537?
True
Is 7106 a multiple of 45?
False
Is 505 a multiple of 3?
False
Is 5586 a multiple of 38?
True
Is 42 a factor of 2555?
False
Is 2640 a multiple of 48?
True
Is 50 a factor of 450?
True
Does 4 divide 1688?
True
Is 33 a factor of 1495?
False
Is 97 a factor of 2317?
False
Is 25 a factor of 1550?
True
Does 25 divide 575?
True
Is 227 a multiple of 3?
False
Is 25915 a multiple of 177?
False
Is 112 a factor of 51740?
False
Is 12 a factor of 15524?
False
Does 13 divide 835?
False
Is 357 a factor of 4641?
True
Is 996 a multiple of 83?
True
Is 344 a factor of 92192?
True
Does 134 divide 4020?
True
Is 1255 a multiple of 5?
True
Is 41676 a multiple of 151?
True
Is 320 a multiple of 28?
False
Does 5 divide 213?
False
Does 13 divide 393?
False
Does 5 divide 151?
False
Does 21 divide 1239?
True
Is 114 a multiple of 6?
True
Is 15521 a multiple of 83?
True
Is 62 a factor of 1880?
False
Does 17 divide 16580?
False
Does 14 divide 4139?
False